?
5, 29
Let f(t) = -t**2 + 2*t + 1. Let l(q) = -q**3 + 2*q**2 - 1. Let n be l(-1). Let u be f(n). List the prime factors of u - (-1 - (-1 + 2)).
3
Let d = 36 + -19. Suppose -113 = -5*w + d. What are the prime factors of w?
2, 13
Let k(r) = -6*r**2 + 2*r**3 - 3*r**3 - 11 + 6*r + 8. Let a be k(-7). Suppose 4*u + 64 = 4*m, 13 = -2*m + 3*m - a*u. List the prime factors of m.
17
Let x be 5/2 - (-1)/(-2). Let r = 2 + 5. Suppose -25 = x*d - r*d. What are the prime factors of d?
5
Let q(u) = -u - 2. Let t be q(-4). Suppose 3*f = -2*s - 94, -2*s - t*f - 48 = -s. What are the prime factors of (s/(-6))/((-2)/(-3))?
11
Let g = -9 - -54. Let v be (g/12)/((-2)/(-24)). Suppose -r + 6*r = v. List the prime factors of r.
3
What are the prime factors of (-76)/(-3) - (-13)/(-39)?
5
Suppose -6*c = -3*c - 30. List the prime factors of c.
2, 5
Let d(t) = t**2 + 13*t - 18. Let g be d(-14). Let w(q) = 4*q - 6. Let a(j) = -2*j + 3. Let u(i) = -7*a(i) - 4*w(i). List the prime factors of u(g).
11
Let f be (-2)/6 + 6/(-9). Let w(q) = q + 2. Let p be w(f). Suppose -l + 2*v + 3 = 0, l - v = p + 2. What are the prime factors of l?
3
Suppose -3*s + 192 = -57. What are the prime factors of s?
83
Let u(p) = -p**2 - 12*p + 2. List the prime factors of u(-5).
37
List the prime factors of 5750/34 + 2/(-17).
13
Let c(l) = l**3 + 2*l**2 - 2*l + 99. What are the prime factors of c(0)?
3, 11
Let m be (-3)/3*(17 - 0). Let b = 26 + m. List the prime factors of b.
3
Let j(m) = m + 7. Let u be j(-5). Suppose -95 = -5*y + u*p, 4*p = 4*y + 5*p - 89. What are the prime factors of y?
3, 7
Let j(n) = -n**3 - 7*n**2 - 7*n - 4. Let r be j(-6). Let z be 7 - (-3 + -1 + 3). Let c = r + z. List the prime factors of c.
2, 5
Let w = -2 + 19. What are the prime factors of w?
17
Let g be (-30)/18*9*-2. What are the prime factors of 64/3 + 20/g?
2, 11
Let z(p) be the second derivative of 5*p**4/6 - 2*p. Suppose 0 = -2*s - 2 + 4. List the prime factors of z(s).
2, 5
Let b = 12 - 20. Let a = 11 + b. What are the prime factors of a?
3
Let w(a) = 64*a + 2. List the prime factors of w(1).
2, 3, 11
Let c(s) = s**2 - 3*s + 4. Let m be c(3). Let g be 4/8 - 66/(-4). Let y = g + m. What are the prime factors of y?
3, 7
Let a(k) = 0 - 2*k**3 - 13 + k**3 - 14*k**2 + 12*k. List the prime factors of a(-15).
2
Suppose 0*f - 3*f = -4*x + 35, 4*x - 30 = -2*f. Suppose 3*n - 26 = -x. What are the prime factors of n?
2, 3
Suppose 4*x - 114 - 187 = 5*r, 300 = 4*x - 4*r. What are the prime factors of x?
2, 37
Let y = 8 - 6. Let k = 10 + y. List the prime factors of k.
2, 3
Suppose 4 = 3*y - 11. What are the prime factors of y?
5
Let j(c) = -c**3 - 2*c**2 + 2*c. Let v be j(-2). Let f = -4 - -10. Let d = v + f. List the prime factors of d.
2
Suppose 0 = u - 5 - 0, -5*u - 135 = -2*l. List the prime factors of l.
2, 5
Suppose 5*x = 3*s - 26 + 3, -s = x - 13. Suppose -5*y = -s + 1. Suppose 12 + 0 = y*b. What are the prime factors of b?
2, 3
Let g = 24 - 11. Suppose 2*i + g = 5*i + u, 0 = -4*i - 4*u + 12. List the prime factors of i.
5
Let n(v) = -6*v + v + 2*v**2 - 4 + 3*v - v**2. Let i be 2*(-2 + (-3)/(-6)). List the prime factors of n(i).
11
Let j(d) = -d**3 - 14*d**2 + 12*d + 3. What are the prime factors of j(-15)?
2, 3
What are the prime factors of 7/(-14)*31*-2?
31
Suppose 2 = l - 1. What are the prime factors of l?
3
Suppose 0 = -5*k - 20 - 10. List the prime factors of (-3)/k + 17/2.
3
Let h(i) = i**2 + i - 2. Let m(p) = 3*p + 1. Let w be m(-2). Let o(a) = -a**3 - 6*a**2 - 5*a - 5. Let l be o(w). What are the prime factors of h(l)?
2, 3
Let f be (-1)/(2 + -1 + 0). Let t = -14 - -24. Let z = f + t. List the prime factors of z.
3
Suppose -12*b = -17*b - 150. List the prime factors of (-6)/b + 174/5.
5, 7
Let f(p) = -5*p + 19. What are the prime factors of f(-13)?
2, 3, 7
Let f = 166 - 58. What are the prime factors of f?
2, 3
Suppose 5*l - 168 = l. Suppose -z + l = 2*z. List the prime factors of z.
2, 7
Let z(w) = w. Let f(k) = -k**2 - 2*k + 7. Let i(m) = -f(m) - 4*z(m). List the prime factors of i(5).
2
Let j = -37 + 89. Let x = j + -29. List the prime factors of x.
23
Let k = 2 + 3. List the prime factors of ((-112)/(-20))/(2/k).
2, 7
Suppose 2*y + 4 = 3*y. Suppose -5*u + 3*o + 30 = -u, -10 = -3*u - y*o. What are the prime factors of u?
2, 3
Suppose 0 = -4*h + 182 + 182. List the prime factors of h.
7, 13
Let s(c) = c**3 + 9*c**2 + 7*c - 4. Let w be s(-8). Suppose -15 = -5*m, w*f - 2*m - 19 = 3. List the prime factors of f.
7
Let c(o) = 3*o - 2 - 3 - 1 + 2. List the prime factors of c(6).
2, 7
Suppose -172 = -2*n - 0*n. What are the prime factors of n?
2, 43
Suppose -4*z = -2 + 6. Let l be z/(-3) - 47/(-3). Suppose r = 2*r - l. List the prime factors of r.
2
Suppose -2 = 5*g - 6*g. Let s(d) be the third derivative of d**5/12 - d**4/12 + d**3/3 - 2*d**2. What are the prime factors of s(g)?
2, 3
Suppose 3*f = 4*i - f - 72, 5*i + 4*f - 81 = 0. What are the prime factors of i?
17
Let z be (-4 - -1)/(3/(-87)). Suppose -4*k = -7*k + z. What are the prime factors of k?
29
Let w = 18 + -13. Let t = 0 - 0. Suppose 3*o = -5*z - 4, w*o + 4*z + z = t. List the prime factors of o.
2
Let b be 3 - (0 + 1) - 2. Suppose b = v - 3*t + 9, -2*t = 5*v + 3*t - 55. List the prime factors of v.
2, 3
Suppose a - 3*b - 15 = 0, -3*a - 3 = -0*b + 3*b. Suppose 0 = a*g + n + 2*n, g + 2*n + 2 = 0. List the prime factors of g.
2
Suppose -18 = -0*g - 3*g. Suppose -5*i = 4*m + g, m + 3*m + 24 = 4*i. Suppose -i*r = 2*r - 32. What are the prime factors of r?
2
Let j(u) = -4*u**2 + u - 15. Let d(g) = -2*g**2 - 8. Let p(q) = 11*d(q) - 6*j(q). What are the prime factors of p(4)?
2, 5
Suppose 3*y + 2*n - 7 = -2*n, -y = -n - 7. Suppose -5*o + 2*k = -93, -2 = o + y*k + 1. What are the prime factors of o?
17
Let y = 4 + -4. List the prime factors of 14 - (0 - (3 - y)).
17
Let p be (-21)/((1 + -2)*-1). Suppose 12*j = 17*j + 50. Let z = j - p. List the prime factors of z.
11
Suppose -3*y - 5*w = 20, 1 = -5*y + w - 23. List the prime factors of (-2)/y + (-53)/(-5).
11
Suppose 3*i = -3*c + 24, -12 = -4*i + c + 5. Suppose 4*y - i*y = -43. Let b = -30 + y. List the prime factors of b.
13
Let r(l) be the second derivative of -11*l**3/6 + l**2/2 - 3*l. What are the prime factors of r(-1)?
2, 3
Let i(n) = -3*n + 2. Let m be i(-7). Suppose -12 = -3*h + 27. Suppose -5*o + m = 4*w, -w = -0*w - 5*o + h. What are the prime factors of w?
2
Suppose 2*p - 4 - 8 = 4*w, 3*p - 5*w = 15. Let a = 2 + p. Suppose -g + 4*j + 1 = -4, -a*g + 5*j + 10 = 0. What are the prime factors of g?
5
Let x(r) = r. Let n be x(3). Suppose 0*h + 182 = 4*h + 3*y, n*h - 145 = 2*y. List the prime factors of h.
47
Suppose -6*n = -4*n - 78. Let h = n + -26. List the prime factors of h.
13
What are the prime factors of (-441)/(-12)*(-32)/(-12)?
2, 7
Let c be (-2)/3 - (-40)/6. Suppose -q = -c*q - 50. Let y = q - -19. What are the prime factors of y?
3
What are the prime factors of 0 - 5125/(-65) - 2/(-13)?
79
Let f(v) = 13*v**2 - v - 1. Let b be f(-1). Let c = 1 + b. Suppose g = -0*g - 3*p - 6, -g + c = -2*p. List the prime factors of g.
2, 3
Let d(k) be the first derivative of -3*k**2/2 - 2*k - 3. What are the prime factors of d(-5)?
13
Let c = 276 - 190. List the prime factors of c.
2, 43
Suppose 3*k - 2*s - 115 = 0, -k + 0*s + 53 = 3*s. What are the prime factors of k?
41
Let v(b) = 8*b**2 - b + 1. Let o(h) = h**3 + 2*h**2 - 3*h + 1. Let r be o(-3). What are the prime factors of v(r)?
2
Let x be (1*2)/(6/12). Suppose 2 = -b - 0*b, -4*h + x*b + 56 = 0. What are the prime factors of h?
2, 3
Suppose 0 - 5 = -p. Suppose 0 = -2*l - t + 37, -p*t - 76 = -4*l - 9. What are the prime factors of l?
2, 3
Let r = 272 - 157. What are the prime factors of r?
5, 23
Let x(m) = 4*m**2. Let z be x(-1). Let d = -44 - -78. Suppose 2*j + 2*j = 3*r - d, -z*j + 78 = 5*r. What are the prime factors of r?
2, 7
Suppose 7*g - 377 = -a + 6*g, -2*a + 2*g + 758 = 0. List the prime factors of a.
2, 3, 7
Let u = -1 - -4. Let q = 9 + u. What are the prime factors of q?
2, 3
Let k(d) = -3*d. Let m be k(-5). Suppose 2*t = -5*n + 32, 2*t - t - m = -3*n. List the prime factors of t.
3, 7
Suppose -3*m = -13 - 47. List the prime factors of m.
2, 5
Suppose 0 = -u - 54 + 18. List the prime factors of (-1)/(3/u*2).
2, 3
Suppose 0 = -3*z + 4*y +